{"id":234,"date":"2026-04-02T13:08:37","date_gmt":"2026-04-02T13:08:37","guid":{"rendered":"https:\/\/agendaculturalfloripa.com.br\/divulgue\/?page_id=234"},"modified":"2026-04-02T13:09:18","modified_gmt":"2026-04-02T13:09:18","slug":"em-manutencao","status":"publish","type":"page","link":"https:\/\/agendaculturalfloripa.com.br\/divulgue\/","title":{"rendered":"Em manuten\u00e7ao"},"content":{"rendered":"","protected":false},"excerpt":{"rendered":"","protected":false},"author":1,"featured_media":0,"parent":0,"menu_order":0,"comment_status":"closed","ping_status":"closed","template":"templates\/wpmm-page-template.php","meta":{"_themeisle_gutenberg_block_has_review":false,"footnotes":""},"class_list":["post-234","page","type-page","status-publish","hentry"],"jetpack-related-posts":[{"id":3,"url":"https:\/\/agendaculturalfloripa.com.br\/divulgue\/privacy-policy\/","url_meta":{"origin":234,"position":0},"title":"Pol\u00edticas de Privacidade","author":"Egidio Mariano","date":"11\/07\/2023","format":false,"excerpt":"Quem somos O endere\u00e7o do nosso site \u00e9: https:\/\/agendaculturalfloripa.com.br Temos, por objetivo, servir de meio de comunica\u00e7\u00e3o atrav\u00e9s de uma agenda p\u00fablica, virtual e interativa que liga o p\u00fablico aos eventos culturais que ocorrem ou que est\u00e3o a ocorrer na cidade de Florian\u00f3polis e Regi\u00e3o. Incentivamos, dessa forma, uma maior\u2026","rel":"","context":"Post similar","block_context":{"text":"Post similar","link":""},"img":{"alt_text":"","src":"","width":0,"height":0},"classes":[]},{"id":106,"url":"https:\/\/agendaculturalfloripa.com.br\/divulgue\/termos-e-condicoes\/","url_meta":{"origin":234,"position":1},"title":"Termos e Condi\u00e7\u00f5es","author":"Egidio Mariano","date":"13\/07\/2023","format":false,"excerpt":"Acordo e Aceita\u00e7\u00e3o Boas vindas a agendaculturalfloripa.com.br ! O site agendaculturalfloripa.com.br (o \"Site\") \u00e9 composto por v\u00e1rias p\u00e1ginas de Web que oferecem a voc\u00ea, (\"Usu\u00e1rio\"), acesso a conte\u00fados de forma\u00e7\u00e3o geral em meio digital, acesso condicionado a sua aceita\u00e7\u00e3o sem modifica\u00e7\u00e3o das condi\u00e7\u00f5es dos termos e avisos aqui contidos (os\u2026","rel":"","context":"Post similar","block_context":{"text":"Post similar","link":""},"img":{"alt_text":"","src":"","width":0,"height":0},"classes":[]}],"jetpack_sharing_enabled":true,"_links":{"self":[{"href":"https:\/\/agendaculturalfloripa.com.br\/divulgue\/wp-json\/wp\/v2\/pages\/234","targetHints":{"allow":["GET"]}}],"collection":[{"href":"https:\/\/agendaculturalfloripa.com.br\/divulgue\/wp-json\/wp\/v2\/pages"}],"about":[{"href":"https:\/\/agendaculturalfloripa.com.br\/divulgue\/wp-json\/wp\/v2\/types\/page"}],"author":[{"embeddable":true,"href":"https:\/\/agendaculturalfloripa.com.br\/divulgue\/wp-json\/wp\/v2\/users\/1"}],"replies":[{"embeddable":true,"href":"https:\/\/agendaculturalfloripa.com.br\/divulgue\/wp-json\/wp\/v2\/comments?post=234"}],"version-history":[{"count":0,"href":"https:\/\/agendaculturalfloripa.com.br\/divulgue\/wp-json\/wp\/v2\/pages\/234\/revisions"}],"wp:attachment":[{"href":"https:\/\/agendaculturalfloripa.com.br\/divulgue\/wp-json\/wp\/v2\/media?parent=234"}],"curies":[{"name":"wp","href":"https:\/\/api.w.org\/{rel}","templated":true}]}}